{"id":959,"date":"2025-12-05T21:05:21","date_gmt":"2025-12-05T20:05:21","guid":{"rendered":"https:\/\/noclothes.de\/?page_id=959"},"modified":"2026-03-27T17:40:28","modified_gmt":"2026-03-27T16:40:28","slug":"kalender","status":"publish","type":"page","link":"https:\/\/noclothes.de\/index.php\/kalender\/","title":{"rendered":"Kalender"},"content":{"rendered":"<div id=\"vsel\" class=\"vsel-shortcode vsel-shortcode-all-events\"><div id=\"event-962\" class=\"vsel-content vsel-upcoming vsel-future\"><div class=\"vsel-meta vsel-alignleft\" style=\"width:36%;\"><h3 class=\"vsel-meta-title\">WORLD NAKED BIKE RIDE<\/h3><div class=\"vsel-meta-date vsel-meta-single-date\">Datum: <span>9. August 2026<\/span><\/div><div class=\"vsel-meta-time\">Uhrzeit: <span>11:00 - 17:00<\/span><\/div><div class=\"vsel-meta-location\">Ort: <span>Berlin<\/span><\/div><div class=\"vsel-meta-link\"><a href=\"https:\/\/wnbr-berlin.de\/\" rel=\"noopener noreferrer\" rel=\"noopener noreferrer\" target=\"_blank\" title=\"https:\/\/wnbr-berlin.de\/\">Weitere Informationen<\/a><\/div><\/div><div class=\"vsel-info vsel-alignright\" style=\"width:60%;\"><figure class=\"vsel-image vsel-alignright\" style=\"max-width:40%\"><img loading=\"lazy\" decoding=\"async\" width=\"700\" height=\"988\" src=\"https:\/\/noclothes.de\/wp-content\/uploads\/2025\/12\/3468.webp\" class=\"vsel-image-img wp-post-image\" alt=\"3468\" srcset=\"https:\/\/noclothes.de\/wp-content\/uploads\/2025\/12\/3468.webp 700w, https:\/\/noclothes.de\/wp-content\/uploads\/2025\/12\/3468-213x300.webp 213w\" sizes=\"auto, (max-width: 700px) 100vw, 700px\" \/><\/figure><div class=\"vsel-text\"><div class=\"xr_txt Normal_text xr_s1 xr_bold\"><span class=\"xr_tl Normal_text xr_s1 xr_bold\">MITMACHEN !<\/span><\/div>\n<div class=\"xr_group\"><\/div>\n<div class=\"xr_txt Normal_text xr_s1 xr_bold\"><span class=\"xr_tl Normal_text xr_s1 xr_bold\">DIE DEMO-ROUTE<\/span><\/div>\n<div class=\"xr_group\"><\/div>\n<div class=\"xr_txt Normal_text xr_s7\"><span class=\"xr_tl Normal_text xr_s0\">Die Demoroute f\u00fchrt uns zum gr\u00f6\u00dften Teil entlang des zentralen Abschnitts des \u201eBerliner Mauerwegs\u201c, quer durch Berlin.<\/span><span class=\"xr_tl Normal_text xr_s0\">Die Route ist ca <span class=\"Normal_text xr_s8 xr_underline\">45km lang<\/span> und f\u00fchrt dabei an zahlreichen und geschichtstr\u00e4chtigen Orten und Bauwerken vorbei.*<\/span><span class=\"xr_tl Normal_text xr_s0\">*<span class=\"Normal_text xr_s9\">Die Genehmigung der Route durch das Regierungsviertel steht noch aus. Routen\u00e4nderungen vorbehalten.<\/span><\/span><\/div>\n<div class=\"xr_txt Normal_text xr_s10\"><span class=\"xr_tc Normal_text xr_s0\">Gemeinsam fahren wir \u2013 so frei wie wir uns f\u00fchlen \u2013 durch die Stra\u00dfen Berlins, um ein Zeichen zu setzen:<\/span><span class=\"xr_tc Normal_text xr_s0\">Ob ganz nackt, bunt bemalt oder leicht bekleidet: \u201eAs bare as you dare!\u201c <\/span><span class=\"xr_tc Normal_text xr_s0\">Bring dein Fahrrad, Sonnencreme, ein L\u00e4cheln \u2013 und gute Laune mit!<\/span><span class=\"xr_tc Normal_text xr_s0\">Let\u2019s ride together \u2013 nackt und sichtbar!<\/span><span class=\"xr_tc Normal_text xr_s0\">Wir freuen uns auf deine Teilnahme an der Fahrrad-Demo!<\/span><\/div>\n<\/div><\/div><\/div><div id=\"event-1672\" class=\"vsel-content vsel-upcoming vsel-future\"><div class=\"vsel-meta vsel-alignleft\" style=\"width:36%;\"><h3 class=\"vsel-meta-title\">World Naked Bike Ride Amsterdam<\/h3><div class=\"vsel-meta-date vsel-meta-single-date\">Datum: <span>11. Juli 2026<\/span><\/div><div class=\"vsel-meta-time\">Uhrzeit: <span>15:00<\/span><\/div><div class=\"vsel-meta-link\"><a href=\"https:\/\/www.wnbr.nl\" rel=\"noopener noreferrer\" rel=\"noopener noreferrer\" target=\"_blank\" title=\"https:\/\/www.wnbr.nl\">Weitere Informationen<\/a><\/div><\/div><div class=\"vsel-info vsel-alignright\" style=\"width:60%;\"><figure class=\"vsel-image vsel-alignright\" style=\"max-width:40%\"><img loading=\"lazy\" decoding=\"async\" width=\"1024\" height=\"1024\" src=\"https:\/\/noclothes.de\/wp-content\/uploads\/2026\/03\/HESu3z7WEAAB679.jpeg\" class=\"vsel-image-img wp-post-image\" alt=\"HESu3z7WEAAB679\" srcset=\"https:\/\/noclothes.de\/wp-content\/uploads\/2026\/03\/HESu3z7WEAAB679.jpeg 1024w, https:\/\/noclothes.de\/wp-content\/uploads\/2026\/03\/HESu3z7WEAAB679-300x300.jpeg 300w, https:\/\/noclothes.de\/wp-content\/uploads\/2026\/03\/HESu3z7WEAAB679-150x150.jpeg 150w, https:\/\/noclothes.de\/wp-content\/uploads\/2026\/03\/HESu3z7WEAAB679-768x768.jpeg 768w\" sizes=\"auto, (max-width: 1024px) 100vw, 1024px\" \/><\/figure><div class=\"vsel-text\"><p>Die n\u00e4chste World Naked Bike Ride Amsterdam findet am 11. Juli 2026 statt. Engagierst du dich f\u00fcr die Welt, setzt du dich f\u00fcr Nachhaltigkeit ein und bef\u00fcrwortest du ein positives K\u00f6rperbild? Der Startschuss f\u00e4llt um 15:00 Uhr im Frankendael Park! Treffen und Vorbereitungen finden zwischen 13:00 und 15:00 Uhr statt, zum Beispiel mit K\u00f6rperbemalung!<\/p>\n<\/div><\/div><\/div><div class=\"vsel-nav\"><\/div><\/div>\n","protected":false},"excerpt":{"rendered":"","protected":false},"author":1,"featured_media":0,"parent":0,"menu_order":0,"comment_status":"closed","ping_status":"closed","template":"","meta":{"site-container-style":"default","site-container-layout":"default","site-sidebar-layout":"default","disable-article-header":"default","disable-site-header":"default","disable-site-footer":"default","disable-content-area-spacing":"default","footnotes":"","_links_to":"","_links_to_target":""},"categories":[],"tags":[],"class_list":["post-959","page","type-page","status-publish","hentry"],"_links":{"self":[{"href":"https:\/\/noclothes.de\/index.php\/wp-json\/wp\/v2\/pages\/959","targetHints":{"allow":["GET"]}}],"collection":[{"href":"https:\/\/noclothes.de\/index.php\/wp-json\/wp\/v2\/pages"}],"about":[{"href":"https:\/\/noclothes.de\/index.php\/wp-json\/wp\/v2\/types\/page"}],"author":[{"embeddable":true,"href":"https:\/\/noclothes.de\/index.php\/wp-json\/wp\/v2\/users\/1"}],"replies":[{"embeddable":true,"href":"https:\/\/noclothes.de\/index.php\/wp-json\/wp\/v2\/comments?post=959"}],"version-history":[{"count":1,"href":"https:\/\/noclothes.de\/index.php\/wp-json\/wp\/v2\/pages\/959\/revisions"}],"predecessor-version":[{"id":960,"href":"https:\/\/noclothes.de\/index.php\/wp-json\/wp\/v2\/pages\/959\/revisions\/960"}],"wp:attachment":[{"href":"https:\/\/noclothes.de\/index.php\/wp-json\/wp\/v2\/media?parent=959"}],"wp:term":[{"taxonomy":"category","embeddable":true,"href":"https:\/\/noclothes.de\/index.php\/wp-json\/wp\/v2\/categories?post=959"},{"taxonomy":"post_tag","embeddable":true,"href":"https:\/\/noclothes.de\/index.php\/wp-json\/wp\/v2\/tags?post=959"}],"curies":[{"name":"wp","href":"https:\/\/api.w.org\/{rel}","templated":true}]}}