{"id":1363,"date":"2026-03-07T07:23:11","date_gmt":"2026-03-07T06:23:11","guid":{"rendered":"https:\/\/noclothes.de\/?page_id=1363"},"modified":"2026-04-21T20:42:57","modified_gmt":"2026-04-21T18:42:57","slug":"exhibitionisten-magazin","status":"publish","type":"page","link":"https:\/\/noclothes.de\/index.php\/exhibitionisten-magazin\/","title":{"rendered":"Exhibitionisten-Magazin"},"content":{"rendered":"<p style=\"text-align: center;\"><span style=\"font-size: 18pt;\"><strong>Hier findet Ihr alle aktuellen Exhibitionisten-Magazine<\/strong><\/span><\/p>\n<div id='gallery-1' class='gallery galleryid-1363 gallery-columns-4 gallery-size-medium'><figure class='gallery-item'>\n\t\t\t<div class='gallery-icon portrait'>\n\t\t\t\t<a href='https:\/\/noclothes.de\/wp-content\/uploads\/2025\/12\/photo_2025-09-13_05-57-10.jpg'><img loading=\"lazy\" decoding=\"async\" width=\"212\" height=\"300\" src=\"https:\/\/noclothes.de\/wp-content\/uploads\/2025\/12\/photo_2025-09-13_05-57-10-212x300.jpg\" class=\"attachment-medium size-medium\" alt=\"\" srcset=\"https:\/\/noclothes.de\/wp-content\/uploads\/2025\/12\/photo_2025-09-13_05-57-10-212x300.jpg 212w, https:\/\/noclothes.de\/wp-content\/uploads\/2025\/12\/photo_2025-09-13_05-57-10-723x1024.jpg 723w, https:\/\/noclothes.de\/wp-content\/uploads\/2025\/12\/photo_2025-09-13_05-57-10-768x1087.jpg 768w, https:\/\/noclothes.de\/wp-content\/uploads\/2025\/12\/photo_2025-09-13_05-57-10.jpg 904w\" sizes=\"auto, (max-width: 212px) 100vw, 212px\" \/><\/a>\n\t\t\t<\/div><\/figure><figure class='gallery-item'>\n\t\t\t<div class='gallery-icon portrait'>\n\t\t\t\t<a href='https:\/\/noclothes.de\/wp-content\/uploads\/2025\/12\/Exibitionisten-Magazin-Norbert-Kempe-thomas-Heyn-.jpg'><img loading=\"lazy\" decoding=\"async\" width=\"212\" height=\"300\" src=\"https:\/\/noclothes.de\/wp-content\/uploads\/2025\/12\/Exibitionisten-Magazin-Norbert-Kempe-thomas-Heyn--212x300.jpg\" class=\"attachment-medium size-medium\" alt=\"\" srcset=\"https:\/\/noclothes.de\/wp-content\/uploads\/2025\/12\/Exibitionisten-Magazin-Norbert-Kempe-thomas-Heyn--212x300.jpg 212w, https:\/\/noclothes.de\/wp-content\/uploads\/2025\/12\/Exibitionisten-Magazin-Norbert-Kempe-thomas-Heyn--724x1024.jpg 724w, https:\/\/noclothes.de\/wp-content\/uploads\/2025\/12\/Exibitionisten-Magazin-Norbert-Kempe-thomas-Heyn--768x1086.jpg 768w, https:\/\/noclothes.de\/wp-content\/uploads\/2025\/12\/Exibitionisten-Magazin-Norbert-Kempe-thomas-Heyn--1086x1536.jpg 1086w, https:\/\/noclothes.de\/wp-content\/uploads\/2025\/12\/Exibitionisten-Magazin-Norbert-Kempe-thomas-Heyn-.jpg 1131w\" sizes=\"auto, (max-width: 212px) 100vw, 212px\" \/><\/a>\n\t\t\t<\/div><\/figure><figure class='gallery-item'>\n\t\t\t<div class='gallery-icon portrait'>\n\t\t\t\t<a href='https:\/\/noclothes.de\/wp-content\/uploads\/2025\/12\/exhimagazin_wolfgangthomas.jpg'><img loading=\"lazy\" decoding=\"async\" width=\"212\" height=\"300\" src=\"https:\/\/noclothes.de\/wp-content\/uploads\/2025\/12\/exhimagazin_wolfgangthomas-212x300.jpg\" class=\"attachment-medium size-medium\" alt=\"\" srcset=\"https:\/\/noclothes.de\/wp-content\/uploads\/2025\/12\/exhimagazin_wolfgangthomas-212x300.jpg 212w, https:\/\/noclothes.de\/wp-content\/uploads\/2025\/12\/exhimagazin_wolfgangthomas-724x1024.jpg 724w, https:\/\/noclothes.de\/wp-content\/uploads\/2025\/12\/exhimagazin_wolfgangthomas-768x1086.jpg 768w, https:\/\/noclothes.de\/wp-content\/uploads\/2025\/12\/exhimagazin_wolfgangthomas-1086x1536.jpg 1086w, https:\/\/noclothes.de\/wp-content\/uploads\/2025\/12\/exhimagazin_wolfgangthomas.jpg 1131w\" sizes=\"auto, (max-width: 212px) 100vw, 212px\" \/><\/a>\n\t\t\t<\/div><\/figure><figure class='gallery-item'>\n\t\t\t<div class='gallery-icon portrait'>\n\t\t\t\t<a href='https:\/\/noclothes.de\/wp-content\/uploads\/2025\/12\/exhimagazin_wolfgang-paul.jpg'><img loading=\"lazy\" decoding=\"async\" width=\"212\" height=\"300\" src=\"https:\/\/noclothes.de\/wp-content\/uploads\/2025\/12\/exhimagazin_wolfgang-paul-212x300.jpg\" class=\"attachment-medium size-medium\" alt=\"\" srcset=\"https:\/\/noclothes.de\/wp-content\/uploads\/2025\/12\/exhimagazin_wolfgang-paul-212x300.jpg 212w, https:\/\/noclothes.de\/wp-content\/uploads\/2025\/12\/exhimagazin_wolfgang-paul-724x1024.jpg 724w, https:\/\/noclothes.de\/wp-content\/uploads\/2025\/12\/exhimagazin_wolfgang-paul-768x1086.jpg 768w, https:\/\/noclothes.de\/wp-content\/uploads\/2025\/12\/exhimagazin_wolfgang-paul-1086x1536.jpg 1086w, https:\/\/noclothes.de\/wp-content\/uploads\/2025\/12\/exhimagazin_wolfgang-paul.jpg 1131w\" sizes=\"auto, (max-width: 212px) 100vw, 212px\" \/><\/a>\n\t\t\t<\/div><\/figure><figure class='gallery-item'>\n\t\t\t<div class='gallery-icon portrait'>\n\t\t\t\t<a href='https:\/\/noclothes.de\/wp-content\/uploads\/2025\/12\/exhimagazinWilfried-Drunagel.jpg'><img loading=\"lazy\" decoding=\"async\" width=\"212\" height=\"300\" src=\"https:\/\/noclothes.de\/wp-content\/uploads\/2025\/12\/exhimagazinWilfried-Drunagel-212x300.jpg\" class=\"attachment-medium size-medium\" alt=\"\" srcset=\"https:\/\/noclothes.de\/wp-content\/uploads\/2025\/12\/exhimagazinWilfried-Drunagel-212x300.jpg 212w, https:\/\/noclothes.de\/wp-content\/uploads\/2025\/12\/exhimagazinWilfried-Drunagel-724x1024.jpg 724w, https:\/\/noclothes.de\/wp-content\/uploads\/2025\/12\/exhimagazinWilfried-Drunagel-768x1086.jpg 768w, https:\/\/noclothes.de\/wp-content\/uploads\/2025\/12\/exhimagazinWilfried-Drunagel-1086x1536.jpg 1086w, https:\/\/noclothes.de\/wp-content\/uploads\/2025\/12\/exhimagazinWilfried-Drunagel.jpg 1131w\" sizes=\"auto, (max-width: 212px) 100vw, 212px\" \/><\/a>\n\t\t\t<\/div><\/figure><figure class='gallery-item'>\n\t\t\t<div class='gallery-icon portrait'>\n\t\t\t\t<a href='https:\/\/noclothes.de\/wp-content\/uploads\/2025\/12\/exhimagazinthomasheyn_ID.jpg'><img loading=\"lazy\" decoding=\"async\" width=\"212\" height=\"300\" src=\"https:\/\/noclothes.de\/wp-content\/uploads\/2025\/12\/exhimagazinthomasheyn_ID-212x300.jpg\" class=\"attachment-medium size-medium\" alt=\"\" srcset=\"https:\/\/noclothes.de\/wp-content\/uploads\/2025\/12\/exhimagazinthomasheyn_ID-212x300.jpg 212w, https:\/\/noclothes.de\/wp-content\/uploads\/2025\/12\/exhimagazinthomasheyn_ID-724x1024.jpg 724w, https:\/\/noclothes.de\/wp-content\/uploads\/2025\/12\/exhimagazinthomasheyn_ID-768x1086.jpg 768w, https:\/\/noclothes.de\/wp-content\/uploads\/2025\/12\/exhimagazinthomasheyn_ID-1086x1536.jpg 1086w, https:\/\/noclothes.de\/wp-content\/uploads\/2025\/12\/exhimagazinthomasheyn_ID.jpg 1131w\" sizes=\"auto, (max-width: 212px) 100vw, 212px\" \/><\/a>\n\t\t\t<\/div><\/figure><figure class='gallery-item'>\n\t\t\t<div class='gallery-icon portrait'>\n\t\t\t\t<a href='https:\/\/noclothes.de\/wp-content\/uploads\/2025\/12\/exhimagazinthomasheyn_2_id.jpg'><img loading=\"lazy\" decoding=\"async\" width=\"212\" height=\"300\" src=\"https:\/\/noclothes.de\/wp-content\/uploads\/2025\/12\/exhimagazinthomasheyn_2_id-212x300.jpg\" class=\"attachment-medium size-medium\" alt=\"\" srcset=\"https:\/\/noclothes.de\/wp-content\/uploads\/2025\/12\/exhimagazinthomasheyn_2_id-212x300.jpg 212w, https:\/\/noclothes.de\/wp-content\/uploads\/2025\/12\/exhimagazinthomasheyn_2_id-724x1024.jpg 724w, https:\/\/noclothes.de\/wp-content\/uploads\/2025\/12\/exhimagazinthomasheyn_2_id-768x1086.jpg 768w, https:\/\/noclothes.de\/wp-content\/uploads\/2025\/12\/exhimagazinthomasheyn_2_id-1086x1536.jpg 1086w, https:\/\/noclothes.de\/wp-content\/uploads\/2025\/12\/exhimagazinthomasheyn_2_id.jpg 1131w\" sizes=\"auto, (max-width: 212px) 100vw, 212px\" \/><\/a>\n\t\t\t<\/div><\/figure><figure class='gallery-item'>\n\t\t\t<div class='gallery-icon portrait'>\n\t\t\t\t<a href='https:\/\/noclothes.de\/wp-content\/uploads\/2025\/12\/exhimagazinthomasheyn.jpg'><img loading=\"lazy\" decoding=\"async\" width=\"212\" height=\"300\" src=\"https:\/\/noclothes.de\/wp-content\/uploads\/2025\/12\/exhimagazinthomasheyn-212x300.jpg\" class=\"attachment-medium size-medium\" alt=\"\" srcset=\"https:\/\/noclothes.de\/wp-content\/uploads\/2025\/12\/exhimagazinthomasheyn-212x300.jpg 212w, https:\/\/noclothes.de\/wp-content\/uploads\/2025\/12\/exhimagazinthomasheyn-724x1024.jpg 724w, https:\/\/noclothes.de\/wp-content\/uploads\/2025\/12\/exhimagazinthomasheyn-768x1086.jpg 768w, https:\/\/noclothes.de\/wp-content\/uploads\/2025\/12\/exhimagazinthomasheyn-1086x1536.jpg 1086w, https:\/\/noclothes.de\/wp-content\/uploads\/2025\/12\/exhimagazinthomasheyn.jpg 1131w\" sizes=\"auto, (max-width: 212px) 100vw, 212px\" \/><\/a>\n\t\t\t<\/div><\/figure><figure class='gallery-item'>\n\t\t\t<div class='gallery-icon portrait'>\n\t\t\t\t<a href='https:\/\/noclothes.de\/wp-content\/uploads\/2025\/12\/exhimagazinNorbert-Kempe.jpg'><img loading=\"lazy\" decoding=\"async\" width=\"212\" height=\"300\" src=\"https:\/\/noclothes.de\/wp-content\/uploads\/2025\/12\/exhimagazinNorbert-Kempe-212x300.jpg\" class=\"attachment-medium size-medium\" alt=\"\" srcset=\"https:\/\/noclothes.de\/wp-content\/uploads\/2025\/12\/exhimagazinNorbert-Kempe-212x300.jpg 212w, https:\/\/noclothes.de\/wp-content\/uploads\/2025\/12\/exhimagazinNorbert-Kempe-724x1024.jpg 724w, https:\/\/noclothes.de\/wp-content\/uploads\/2025\/12\/exhimagazinNorbert-Kempe-768x1086.jpg 768w, https:\/\/noclothes.de\/wp-content\/uploads\/2025\/12\/exhimagazinNorbert-Kempe-1086x1536.jpg 1086w, https:\/\/noclothes.de\/wp-content\/uploads\/2025\/12\/exhimagazinNorbert-Kempe.jpg 1131w\" sizes=\"auto, (max-width: 212px) 100vw, 212px\" \/><\/a>\n\t\t\t<\/div><\/figure><figure class='gallery-item'>\n\t\t\t<div class='gallery-icon portrait'>\n\t\t\t\t<a href='https:\/\/noclothes.de\/wp-content\/uploads\/2025\/12\/exhimagazin_manuela_thomas.jpg'><img loading=\"lazy\" decoding=\"async\" width=\"212\" height=\"300\" src=\"https:\/\/noclothes.de\/wp-content\/uploads\/2025\/12\/exhimagazin_manuela_thomas-212x300.jpg\" class=\"attachment-medium size-medium\" alt=\"\" srcset=\"https:\/\/noclothes.de\/wp-content\/uploads\/2025\/12\/exhimagazin_manuela_thomas-212x300.jpg 212w, https:\/\/noclothes.de\/wp-content\/uploads\/2025\/12\/exhimagazin_manuela_thomas-724x1024.jpg 724w, https:\/\/noclothes.de\/wp-content\/uploads\/2025\/12\/exhimagazin_manuela_thomas-768x1086.jpg 768w, https:\/\/noclothes.de\/wp-content\/uploads\/2025\/12\/exhimagazin_manuela_thomas-1086x1536.jpg 1086w, https:\/\/noclothes.de\/wp-content\/uploads\/2025\/12\/exhimagazin_manuela_thomas.jpg 1131w\" sizes=\"auto, (max-width: 212px) 100vw, 212px\" \/><\/a>\n\t\t\t<\/div><\/figure><figure class='gallery-item'>\n\t\t\t<div class='gallery-icon portrait'>\n\t\t\t\t<a href='https:\/\/noclothes.de\/wp-content\/uploads\/2025\/12\/exhimagazin_manuela.jpg'><img loading=\"lazy\" decoding=\"async\" width=\"212\" height=\"300\" src=\"https:\/\/noclothes.de\/wp-content\/uploads\/2025\/12\/exhimagazin_manuela-212x300.jpg\" class=\"attachment-medium size-medium\" alt=\"\" srcset=\"https:\/\/noclothes.de\/wp-content\/uploads\/2025\/12\/exhimagazin_manuela-212x300.jpg 212w, https:\/\/noclothes.de\/wp-content\/uploads\/2025\/12\/exhimagazin_manuela-724x1024.jpg 724w, https:\/\/noclothes.de\/wp-content\/uploads\/2025\/12\/exhimagazin_manuela-768x1086.jpg 768w, https:\/\/noclothes.de\/wp-content\/uploads\/2025\/12\/exhimagazin_manuela-1086x1536.jpg 1086w, https:\/\/noclothes.de\/wp-content\/uploads\/2025\/12\/exhimagazin_manuela.jpg 1131w\" sizes=\"auto, (max-width: 212px) 100vw, 212px\" \/><\/a>\n\t\t\t<\/div><\/figure><figure class='gallery-item'>\n\t\t\t<div class='gallery-icon portrait'>\n\t\t\t\t<a href='https:\/\/noclothes.de\/wp-content\/uploads\/2025\/12\/exhimagazinbettinathomas.jpg'><img loading=\"lazy\" decoding=\"async\" width=\"212\" height=\"300\" src=\"https:\/\/noclothes.de\/wp-content\/uploads\/2025\/12\/exhimagazinbettinathomas-212x300.jpg\" class=\"attachment-medium size-medium\" alt=\"\" srcset=\"https:\/\/noclothes.de\/wp-content\/uploads\/2025\/12\/exhimagazinbettinathomas-212x300.jpg 212w, https:\/\/noclothes.de\/wp-content\/uploads\/2025\/12\/exhimagazinbettinathomas-724x1024.jpg 724w, https:\/\/noclothes.de\/wp-content\/uploads\/2025\/12\/exhimagazinbettinathomas-768x1086.jpg 768w, https:\/\/noclothes.de\/wp-content\/uploads\/2025\/12\/exhimagazinbettinathomas-1086x1536.jpg 1086w, https:\/\/noclothes.de\/wp-content\/uploads\/2025\/12\/exhimagazinbettinathomas.jpg 1131w\" sizes=\"auto, (max-width: 212px) 100vw, 212px\" \/><\/a>\n\t\t\t<\/div><\/figure><figure class='gallery-item'>\n\t\t\t<div class='gallery-icon portrait'>\n\t\t\t\t<a href='https:\/\/noclothes.de\/wp-content\/uploads\/2025\/12\/exhimagazinbettina.jpg'><img loading=\"lazy\" decoding=\"async\" width=\"212\" height=\"300\" src=\"https:\/\/noclothes.de\/wp-content\/uploads\/2025\/12\/exhimagazinbettina-212x300.jpg\" class=\"attachment-medium size-medium\" alt=\"\" srcset=\"https:\/\/noclothes.de\/wp-content\/uploads\/2025\/12\/exhimagazinbettina-212x300.jpg 212w, https:\/\/noclothes.de\/wp-content\/uploads\/2025\/12\/exhimagazinbettina-724x1024.jpg 724w, https:\/\/noclothes.de\/wp-content\/uploads\/2025\/12\/exhimagazinbettina-768x1086.jpg 768w, https:\/\/noclothes.de\/wp-content\/uploads\/2025\/12\/exhimagazinbettina-1086x1536.jpg 1086w, https:\/\/noclothes.de\/wp-content\/uploads\/2025\/12\/exhimagazinbettina.jpg 1131w\" sizes=\"auto, (max-width: 212px) 100vw, 212px\" \/><\/a>\n\t\t\t<\/div><\/figure><figure class='gallery-item'>\n\t\t\t<div class='gallery-icon portrait'>\n\t\t\t\t<a href='https:\/\/noclothes.de\/wp-content\/uploads\/2025\/12\/exhimagazin4orage.png'><img loading=\"lazy\" decoding=\"async\" width=\"212\" height=\"300\" src=\"https:\/\/noclothes.de\/wp-content\/uploads\/2025\/12\/exhimagazin4orage-212x300.png\" class=\"attachment-medium size-medium\" alt=\"\" srcset=\"https:\/\/noclothes.de\/wp-content\/uploads\/2025\/12\/exhimagazin4orage-212x300.png 212w, https:\/\/noclothes.de\/wp-content\/uploads\/2025\/12\/exhimagazin4orage-724x1024.png 724w, https:\/\/noclothes.de\/wp-content\/uploads\/2025\/12\/exhimagazin4orage-768x1086.png 768w, https:\/\/noclothes.de\/wp-content\/uploads\/2025\/12\/exhimagazin4orage-1086x1536.png 1086w, https:\/\/noclothes.de\/wp-content\/uploads\/2025\/12\/exhimagazin4orage.png 1131w\" sizes=\"auto, (max-width: 212px) 100vw, 212px\" \/><\/a>\n\t\t\t<\/div><\/figure><figure class='gallery-item'>\n\t\t\t<div class='gallery-icon portrait'>\n\t\t\t\t<a href='https:\/\/noclothes.de\/wp-content\/uploads\/2025\/12\/exhimagazin3.jpg'><img loading=\"lazy\" decoding=\"async\" width=\"212\" height=\"300\" src=\"https:\/\/noclothes.de\/wp-content\/uploads\/2025\/12\/exhimagazin3-212x300.jpg\" class=\"attachment-medium size-medium\" alt=\"\" srcset=\"https:\/\/noclothes.de\/wp-content\/uploads\/2025\/12\/exhimagazin3-212x300.jpg 212w, https:\/\/noclothes.de\/wp-content\/uploads\/2025\/12\/exhimagazin3-724x1024.jpg 724w, https:\/\/noclothes.de\/wp-content\/uploads\/2025\/12\/exhimagazin3-768x1086.jpg 768w, https:\/\/noclothes.de\/wp-content\/uploads\/2025\/12\/exhimagazin3-1086x1536.jpg 1086w, https:\/\/noclothes.de\/wp-content\/uploads\/2025\/12\/exhimagazin3.jpg 1131w\" sizes=\"auto, (max-width: 212px) 100vw, 212px\" \/><\/a>\n\t\t\t<\/div><\/figure><figure class='gallery-item'>\n\t\t\t<div class='gallery-icon portrait'>\n\t\t\t\t<a href='https:\/\/noclothes.de\/wp-content\/uploads\/2025\/12\/exhimagazin2.jpg'><img loading=\"lazy\" decoding=\"async\" width=\"212\" height=\"300\" src=\"https:\/\/noclothes.de\/wp-content\/uploads\/2025\/12\/exhimagazin2-212x300.jpg\" class=\"attachment-medium size-medium\" alt=\"\" srcset=\"https:\/\/noclothes.de\/wp-content\/uploads\/2025\/12\/exhimagazin2-212x300.jpg 212w, https:\/\/noclothes.de\/wp-content\/uploads\/2025\/12\/exhimagazin2-724x1024.jpg 724w, https:\/\/noclothes.de\/wp-content\/uploads\/2025\/12\/exhimagazin2-768x1086.jpg 768w, https:\/\/noclothes.de\/wp-content\/uploads\/2025\/12\/exhimagazin2-1086x1536.jpg 1086w, https:\/\/noclothes.de\/wp-content\/uploads\/2025\/12\/exhimagazin2.jpg 1131w\" sizes=\"auto, (max-width: 212px) 100vw, 212px\" \/><\/a>\n\t\t\t<\/div><\/figure>\n\t\t<\/div>\n\n<div class=\"su-note\"  style=\"border-color:#070707;border-radius:3px;-moz-border-radius:3px;-webkit-border-radius:3px;\"><div class=\"su-note-inner su-u-clearfix su-u-trim\" style=\"background-color:#212121;border-color:#ededed;color:#ffffff;border-radius:3px;-moz-border-radius:3px;-webkit-border-radius:3px;\">Du darfst die Fotos und Beitr\u00e4ge teilen, posten, remixen und weiterverbreiten \u2013 z. B. auf X, Bluesky, Telegram, Websites, Blogs und \u00fcberall sonst im Netz. Kein Nachfragen, keine Credits n\u00f6tig. Teilen ausdr\u00fccklich erw\u00fcnscht!<\/div><\/div>\n","protected":false},"excerpt":{"rendered":"<p>Hier findet Ihr alle aktuellen Exhibitionisten-Magazine<\/p>\n","protected":false},"author":1,"featured_media":711,"parent":0,"menu_order":0,"comment_status":"open","ping_status":"closed","template":"","meta":{"site-container-style":"default","site-container-layout":"default","site-sidebar-layout":"default","disable-article-header":"default","disable-site-header":"default","disable-site-footer":"default","disable-content-area-spacing":"default","footnotes":"","_links_to":"","_links_to_target":""},"categories":[1,4,25,43],"tags":[],"class_list":["post-1363","page","type-page","status-publish","has-post-thumbnail","hentry","category-allgemein","category-collagen","category-exposed","category-fotos"],"_links":{"self":[{"href":"https:\/\/noclothes.de\/index.php\/wp-json\/wp\/v2\/pages\/1363","targetHints":{"allow":["GET"]}}],"collection":[{"href":"https:\/\/noclothes.de\/index.php\/wp-json\/wp\/v2\/pages"}],"about":[{"href":"https:\/\/noclothes.de\/index.php\/wp-json\/wp\/v2\/types\/page"}],"author":[{"embeddable":true,"href":"https:\/\/noclothes.de\/index.php\/wp-json\/wp\/v2\/users\/1"}],"replies":[{"embeddable":true,"href":"https:\/\/noclothes.de\/index.php\/wp-json\/wp\/v2\/comments?post=1363"}],"version-history":[{"count":6,"href":"https:\/\/noclothes.de\/index.php\/wp-json\/wp\/v2\/pages\/1363\/revisions"}],"predecessor-version":[{"id":1711,"href":"https:\/\/noclothes.de\/index.php\/wp-json\/wp\/v2\/pages\/1363\/revisions\/1711"}],"wp:featuredmedia":[{"embeddable":true,"href":"https:\/\/noclothes.de\/index.php\/wp-json\/wp\/v2\/media\/711"}],"wp:attachment":[{"href":"https:\/\/noclothes.de\/index.php\/wp-json\/wp\/v2\/media?parent=1363"}],"wp:term":[{"taxonomy":"category","embeddable":true,"href":"https:\/\/noclothes.de\/index.php\/wp-json\/wp\/v2\/categories?post=1363"},{"taxonomy":"post_tag","embeddable":true,"href":"https:\/\/noclothes.de\/index.php\/wp-json\/wp\/v2\/tags?post=1363"}],"curies":[{"name":"wp","href":"https:\/\/api.w.org\/{rel}","templated":true}]}}